{"id":14838,"date":"2021-06-15T18:58:51","date_gmt":"2021-06-15T18:58:51","guid":{"rendered":"https:\/\/nelsondev.bg11.ch\/?page_id=14838"},"modified":"2021-06-15T19:01:16","modified_gmt":"2021-06-15T19:01:16","slug":"impressum","status":"publish","type":"page","link":"https:\/\/nelsondev.bg11.ch\/index.php\/impressum\/","title":{"rendered":"Impressum"},"content":{"rendered":"<div id=\"cmsmasters_row_36c8e55a4f\" class=\"cmsmasters_row cmsmasters_color_scheme_default cmsmasters_row_top_default cmsmasters_row_bot_default cmsmasters_row_boxed\">\n<div class=\"cmsmasters_row_outer_parent\">\n<div class=\"cmsmasters_row_outer\">\n<div class=\"cmsmasters_row_inner\">\n<div class=\"cmsmasters_row_margin\">\n<div id=\"cmsmasters_column_41ee136545\" class=\"cmsmasters_column one_first\">\n<div class=\"cmsmasters_column_inner\"><div id=\"cmsmasters_fb_913cc09122\" class=\"cmsmasters_featured_block\">\n<div class=\"featured_block_inner\">\n<div class=\"featured_block_text\">\n<h1>Impressum<\/h1>\n\n<\/div>\n<\/div>\n<\/div>\n<div class=\"cmsmasters_text\">\n<p>its1world Gruppe AG<br \/>\nBeatengasse 11<br \/>\n8001 Z\u00fcrich<br \/>\nTel: +41 44 212 60 16<br \/>\nwww.nelsonpubzurich.ch<br \/>\ninfo@nelsonpubzurich.ch<\/p>\n<p>Entwicklung und Design<br \/>\neMedia Marketing | info@emedia-marketing.ch<\/p>\n<p>Bilder<br \/>\nLizenzierte Stock Bilder<\/p>\n<p>Disclaimer<br \/>\nDatenschutz<br \/>\nDer Schutz von personenbezogenen Daten bei der Erhebung, Verarbeitung und Nutzung anl\u00e4sslich eines Besuchs auf unserer Website ist uns ein wichtiges Anliegen. Daten werden im Rahmen der gesetzlichen Vorschriften gesch\u00fctzt. Alle pers\u00f6nlichen Daten werden vertraulich behandelt. Die f\u00fcr die Gesch\u00e4ftsabwicklung notwendigen Daten werden gespeichert und im Rahmen der Bestellabwicklung ggf. an verbundene Unternehmen weitergegeben. Adressdaten k\u00f6nnen auch zu Werbezwecken genutzt werden, wobei Sie dieser Verwendung jederzeit widersprechen k\u00f6nnen.<\/p>\n<p>Haftungsausschluss f\u00fcr fremde Links<br \/>\nWir verweisen auf unseren Seiten mit Links zu anderen Seiten im Internet. F\u00fcr alle diese Links gilt: Die Firma Disco-Management AG (Nelson Pub Z\u00fcrich) erkl\u00e4rt ausdr\u00fccklich, dass sie keinerlei Einfluss auf die Gestaltung und die Inhalte der verlinkten Seiten hat. Deshalb distanzieren wir uns hiermit ausdr\u00fccklich von allen Inhalten verlinkter Seiten Dritter auf www.nelsonpubzurich.ch und machen uns diese Inhalte nicht zu Eigen. Diese Erkl\u00e4rung gilt f\u00fcr alle angezeigten Links und Inhalte der Seiten, zu denen Links f\u00fchren.<\/p>\n<\/div>\n<\/div><\/div>\n<\/div>\n<\/div>\n<\/div>\n<\/div>\n<\/div>\n\n","protected":false},"excerpt":{"rendered":"","protected":false},"author":1,"featured_media":0,"parent":0,"menu_order":0,"comment_status":"closed","ping_status":"closed","template":"","meta":[],"yoast_head":"<!-- This site is optimized with the Yoast SEO plugin v16.2 - https:\/\/yoast.com\/wordpress\/plugins\/seo\/ -->\n<title>Impressum - Nelson Pub Z\u00fcrich<\/title>\n<meta name=\"robots\" content=\"index, follow, max-snippet:-1, max-image-preview:large, max-video-preview:-1\" \/>\n<link rel=\"canonical\" href=\"https:\/\/nelsondev.bg11.ch\/index.php\/impressum\/\" \/>\n<meta property=\"og:locale\" content=\"de_DE\" \/>\n<meta property=\"og:type\" content=\"article\" \/>\n<meta property=\"og:title\" content=\"Impressum - Nelson Pub Z\u00fcrich\" \/>\n<meta property=\"og:url\" content=\"https:\/\/nelsondev.bg11.ch\/index.php\/impressum\/\" \/>\n<meta property=\"og:site_name\" content=\"Nelson Pub Z\u00fcrich\" \/>\n<meta property=\"article:modified_time\" content=\"2021-06-15T19:01:16+00:00\" \/>\n<meta name=\"twitter:card\" content=\"summary_large_image\" \/>\n<meta name=\"twitter:label1\" content=\"Gesch\u00e4tzte Lesezeit\">\n\t<meta name=\"twitter:data1\" content=\"1\u00a0Minute\">\n<script type=\"application\/ld+json\" class=\"yoast-schema-graph\">{\"@context\":\"https:\/\/schema.org\",\"@graph\":[{\"@type\":\"WebSite\",\"@id\":\"https:\/\/nelsondev.bg11.ch\/#website\",\"url\":\"https:\/\/nelsondev.bg11.ch\/\",\"name\":\"Nelson Pub Z\\u00fcrich\",\"description\":\"Best place in town\",\"potentialAction\":[{\"@type\":\"SearchAction\",\"target\":\"https:\/\/nelsondev.bg11.ch\/?s={search_term_string}\",\"query-input\":\"required name=search_term_string\"}],\"inLanguage\":\"de\"},{\"@type\":\"WebPage\",\"@id\":\"https:\/\/nelsondev.bg11.ch\/index.php\/impressum\/#webpage\",\"url\":\"https:\/\/nelsondev.bg11.ch\/index.php\/impressum\/\",\"name\":\"Impressum - Nelson Pub Z\\u00fcrich\",\"isPartOf\":{\"@id\":\"https:\/\/nelsondev.bg11.ch\/#website\"},\"datePublished\":\"2021-06-15T18:58:51+00:00\",\"dateModified\":\"2021-06-15T19:01:16+00:00\",\"breadcrumb\":{\"@id\":\"https:\/\/nelsondev.bg11.ch\/index.php\/impressum\/#breadcrumb\"},\"inLanguage\":\"de\",\"potentialAction\":[{\"@type\":\"ReadAction\",\"target\":[\"https:\/\/nelsondev.bg11.ch\/index.php\/impressum\/\"]}]},{\"@type\":\"BreadcrumbList\",\"@id\":\"https:\/\/nelsondev.bg11.ch\/index.php\/impressum\/#breadcrumb\",\"itemListElement\":[{\"@type\":\"ListItem\",\"position\":1,\"item\":{\"@type\":\"WebPage\",\"@id\":\"https:\/\/nelsondev.bg11.ch\/\",\"url\":\"https:\/\/nelsondev.bg11.ch\/\",\"name\":\"Home\"}},{\"@type\":\"ListItem\",\"position\":2,\"item\":{\"@id\":\"https:\/\/nelsondev.bg11.ch\/index.php\/impressum\/#webpage\"}}]}]}<\/script>\n<!-- \/ Yoast SEO plugin. -->","_links":{"self":[{"href":"https:\/\/nelsondev.bg11.ch\/index.php\/wp-json\/wp\/v2\/pages\/14838"}],"collection":[{"href":"https:\/\/nelsondev.bg11.ch\/index.php\/wp-json\/wp\/v2\/pages"}],"about":[{"href":"https:\/\/nelsondev.bg11.ch\/index.php\/wp-json\/wp\/v2\/types\/page"}],"author":[{"embeddable":true,"href":"https:\/\/nelsondev.bg11.ch\/index.php\/wp-json\/wp\/v2\/users\/1"}],"replies":[{"embeddable":true,"href":"https:\/\/nelsondev.bg11.ch\/index.php\/wp-json\/wp\/v2\/comments?post=14838"}],"version-history":[{"count":2,"href":"https:\/\/nelsondev.bg11.ch\/index.php\/wp-json\/wp\/v2\/pages\/14838\/revisions"}],"predecessor-version":[{"id":14840,"href":"https:\/\/nelsondev.bg11.ch\/index.php\/wp-json\/wp\/v2\/pages\/14838\/revisions\/14840"}],"wp:attachment":[{"href":"https:\/\/nelsondev.bg11.ch\/index.php\/wp-json\/wp\/v2\/media?parent=14838"}],"curies":[{"name":"wp","href":"https:\/\/api.w.org\/{rel}","templated":true}]}}